uppose 46*k = 47*k + v - 1948, -5*k + 4*v + 9812 = 0. Calculate the remainder when k is divided by 329.
311
Suppose -43*d + 6452 + 8026 + 1174 = 0. Calculate the remainder when d is divided by 107.
43
Let x(v) = v**3 - 4*v**2 + 3*v - 14. Suppose -3*h + 8*h = 4*w, 3*w - 35 = -5*h. Calculate the remainder when x(w) is divided by 20.
6
Suppose 4*w + 11 = 31. Let f be -2 + (3 - 0) - -11. What is the remainder when w/((f/(-52))/(-3)) is divided by 33?
32
Let q = 5511 - 4789. Calculate the remainder when q is divided by 186.
164
Let f(p) = -15 + 4*p - p**2 + 0*p - p + 1. Let x be f(5). Calculate the remainder when 45 is divided by (x/(-10))/((-12)/(-80)).
13
Let u = -236 + 163. Let q = -49 - u. Calculate the remainder when 86 is divided by q.
14
Calculate the remainder when 527 is divided by (-16)/352*4 + (-620)/(-22).
23
Suppose -6*j + 65 = -79. Suppose -33*u = -25*u - 464. Calculate the remainder when u is divided by j.
10
Suppose -129*k + 331*k = 2222. Calculate the remainder when 9250 is divided by k.
10
Let j be 8/(-16) + 5/2. Let v(y) = y**2 + 83 + 0*y**j - 79 - 4*y. Calculate the remainder when 70 is divided by v(-4).
34
Let m(o) = -2*o**2 - 2*o - 5. Let n be m(3). Let h = -19 - n. Suppose 4394 = -0*u + 26*u. What is the remainder when u is divided by h?
9
Let q = 2200 + -2028. What is the remainder when q is divided by 87?
85
Let z(p) = 3*p**3 + 8*p**2 - 8*p - 9. Let x be z(-4). Let a = x + 53. Let w(i) = i**2 - 10*i - 16. What is the remainder when 42 is divided by w(a)?
2
Suppose -132*z = -1120 - 992. What is the remainder when 189 is divided by z?
13
Suppose 0 = -56*a + 2554 - 706. Calculate the remainder when 122 is divided by a.
23
Suppose 50*a - 5 = 49*a. Suppose -a*c - 17*c + 1848 = 0. What is the remainder when c is divided by 36?
12
Suppose -9*w = -16*w - 28*w + 2065. What is the remainder when 480 is divided by w?
8
Let h = 21 + -14. Suppose h = -4*m - 1. Calculate the remainder when 14 + (-1 - -4) - m is divided by 11.
8
Suppose -5*n + 725 = 4*d + 20, -d + 186 = -2*n. What is the remainder when d is divided by 14?
12
Suppose h - 5*h - 1724 = 0. Let g = h + 461. Calculate the remainder when g is divided by 16.
14
Let f(l) = -3*l**2 - 5*l + 225. Calculate the remainder when f(0) is divided by 45.
0
Suppose 3*y - 102 = 87. Let d(k) = 71*k + 59. Let x(w) = w**2 - 283*w - 241. Let o(p) = 9*d(p) + 2*x(p). What is the remainder when y is divided by o(-36)?
11
Suppose r = 5*v - 174, 5*r - 42 + 62 = 0. Calculate the remainder when 275 is divided by v.
3
Let x = -2270 + 2358. Calculate the remainder when 6158 is divided by x.
86
Suppose 412 = 7*m - 5*m. Suppose -767 = -95*c + 1703. What is the remainder when m is divided by c?
24
Let h = 234 + -231. Suppose -w - 43 = -4*d - 2*w, 5*d + h*w = 45. Calculate the remainder when 93 is divided by d.
9
Suppose -62*t - 16402 = -22354. Calculate the remainder when 8351 is divided by t.
95
Suppose -4*z + 4*h = 3*h - 40, -3*h + 20 = 2*z. Let b be (30/z)/(2/(-308)). What is the remainder when 20 is divided by b/44*2/(-3)*1?
6
Let s = -12 - -16. Suppose -s*y + 528 = 2*y. Suppose 4*o = -r + 24, o = -2*r + 3*o + y. What is the remainder when r is divided by 11?
7
Suppose 297*r - 37593 = 84449 - 36209. Calculate the remainder when 585 is divided by r.
7
Suppose 5*t - 5*z - 75 = 0, 12*t = 7*t + 3*z + 67. Suppose -2*y + 65 = 3*m, 4*m + 80 = -7*y + t*y. What is the remainder when 347 is divided by y?
22
Suppose 4*f - 243 = -5*h, -4*h - 8 = -4. Calculate the remainder when 86 is divided by (0 - 5 - -8)*f/6.
24
Let q = 4509 - 4446. Calculate the remainder when 622 is divided by q.
55
Let t = 530 + -278. Suppose -22*u + 10*u + t = 0. Calculate the remainder when 313 is divided by u.
19
Suppose -4*n + 110 = -94. Suppose 49*x = 53*x - 3*w - 1015, -x = -5*w - 275. Calculate the remainder when x is divided by n.
46
Calculate the remainder when 12/(7 + 0 + -5) - -6867 is divided by 14.
13
Calculate the remainder when 84/126*(-2)/(-6) + 7081/9 is divided by 4.
3
What is the remainder when ((-1964)/(-18))/(2750/(-198) - -14) is divided by 58?
54
Let k = -149 + 226. What is the remainder when k is divided by 2/(-5) + 856/40?
14
Let h be -1 - (-4 + 3 - 496). Suppose 7*n - h = 610. Suppose 2*x + 2*i - i = 65, 0 = -5*x - 4*i + n. What is the remainder when x is divided by 7?
6
Let o(m) = -m**3 - m + 35. Let r be o(0). Suppose -z - 33 = -c - 2*c, r = 2*c - 5*z. Suppose 359 = 10*b + 39. Calculate the remainder when b is divided by c.
2
Suppose 10036*a - 10101*a = -134420. What is the remainder when a is divided by 2057?
11
Suppose -607 = -n - r, -5*n - 106*r + 3062 = -110*r. What is the remainder when n is divided by 69?
58
Suppose -5*k - 120 = -2*n, 0 = 8*n - 5*n + 5*k - 230. Calculate the remainder when n is divided by 2/(-6) + 109/3.
34
Suppose -3*f - 427 = -3*v - 52, 12 = -3*f. Let a = v + 17. What is the remainder when a is divided by 72?
66
Suppose 3208 = 13*q - 16. What is the remainder when 338 is divided by 2/((-2)/q*-8)?
28
Calculate the remainder when 826 is divided by -3*72/27 + (6 - -269).
25
Suppose 2*s - 4980 = 3*y - 153, -2411 = -s + y. What is the remainder when s is divided by 184?
14
What is the remainder when 3/(13277/(-6655) + 2) is divided by 149?
9
Let l(t) = 23*t**3 - 6*t**2 + 11*t + 2. Let f be l(2). Suppose 2*p - 78 = 5*y, 0 = -3*p + 3*y + f - 58. Calculate the remainder when 174 is divided by p.
42
Calculate the remainder when 440 is divided by (-1252)/(-6) - -2 - 16/(-48).
18
Let y(t) = -9*t**2 - t**3 - 3*t + 2 + 7*t**2 + 4*t**2 + 11*t**3. What is the remainder when 42 is divided by y(1)?
9
Let i = 14840 + -14810. Suppose 0 = 6*u + 144 - 642. What is the remainder when u is divided by i?
23
Let w = 290 + -275. Let j be 7*(-1 + 0)*1. Calculate the remainder when (54/j)/(15/(-105)) is divided by w.
9
Suppose -y - 33 = -4*z - 3, 2*y = -4. Let w(o) = 2*o**2 + 3*o - 21. Calculate the remainder when w(z) is divided by 25.
23
Suppose -4*u + 6*u - 55 = -c, -5*u + 25 = 0. Calculate the remainder when (-4)/1*(-2669)/34 is divided by c.
44
Let t = 30 + 9. Let c = -33 + 54. Let j = -10 + c. Calculate the remainder when t is divided by j.
6
Suppose -3*a + 11 = 2. Let o = a + 17. Let i = 53 - o. What is the remainder when i is divided by 12?
9
Suppose 1247 = 4*x + 1047. Calculate the remainder when 658 is divided by x.
8
Suppose 4*b = -3*i + 449, i - 3*b - 179 = -38. What is the remainder when 875 is divided by i?
140
Let c = -413 - -472. Suppose 2*p - c = 41. Calculate the remainder when (3/4)/(3/996) is divided by p.
49
Let g(w) = -w**2 + 78*w - 420. Calculate the remainder when g(60) is divided by 262.
136
Suppose 2*g + 6 = 56. Let d(u) = u**3 + 17*u + g*u**2 - 8*u**2 - 2*u**3 + 19 + 11. What is the remainder when d(18) is divided by 9?
3
Let t(v) = 4*v**2 + 8*v - 4. Let d(x) = 73*x + 7. What is the remainder when d(2) is divided by t(2)?
13
Let o(u) = -7*u**3 + 7*u**2 - 2*u + 1. Let c be o(1). What is the remainder when 183 is divided by -5 + 71 + -1 + c?
55
Let f(p) be the second derivative of 7*p**2 + 0 + 1/12*p**4 + 7/6*p**3 - 13*p. What is the remainder when 87 is divided by f(-8)?
21
Let d(v) = 68*v - 467. What is the remainder when d(9) is divided by 10?
5
Suppose -3*d = -5*y + 5, 2*d = 3*y - 1 - 1. Calculate the remainder when 33 is divided by (141/(-6) + y)*4/(-6).
7
Let l be -55*(5/(-7) - 14/49). Suppose 5*n - 24 = -2*k, -n - 15 = -3*k + l. What is the remainder when 349 is divided by k?
19
Let o be ((-1610)/(-18) - 11) + (-4)/9. Let x = -43 + o. Calculate the remainder when x is divided by 7.
0
Let s(y) = 9*y**2 - 94*y + 16. Calculate the remainder when s(15) is divided by 8.
7
Let a = -7666 - -7749. What is the remainder when 625 is divided by a?
44
Let m(s) = -s**2 + 6*s + 11. Let v be m(7). Suppose -2*u = d + 2*u - 1, v*u = -3*d + 11. Calculate the remainder when 4 - (d - -1)/(-2) is divided by 2.
1
Let p = 19857 + -19340. Calculate the remainder when p is divided by 51.
7
Let h(a) = 52*a**2 - 72*a + 1. What is the remainder when h(-4) is divided by 34?
33
Suppose -13*h - n + 3365 = -8*h, 3*n = h - 657. Suppose -35*c + h = -27*c. Calculate the remainder when c is divided by 57.
27
Suppose 4*q - 22 = -2*z, 0*z - z + 8 = q. Let t(b) = -5*b**q - 24*b**2 - 5 - 2*b**3 - 24*b + 8*b**3 - 14. Calcu